+ 40 = -4*s, 0*l + 7 = l + 5*s. What is the remainder when 38/(-190) + (-166)/(-5) is divided by l?
9
Let l be (16/10)/((-18)/(-45)). Suppose -k - 46 = -l*c + 15, k + 19 = c. Calculate the remainder when 51 is divided by c.
9
What is the remainder when 41 is divided by 11/((1/12)/((-20)/(-80)))?
8
Let v = 2 + 0. What is the remainder when 8 is divided by ((1/v)/(1/(-10)))/(-1)?
3
Let i(b) = 5*b + 15. Let y be i(-3). Suppose 2*r - 149 + 13 = y. Calculate the remainder when r is divided by 7.
5
Let w(g) = 2*g**3 + 25*g**2 + 6*g - 3. What is the remainder when w(-10) is divided by 63?
59
Let p(q) = -2*q + 1. What is the remainder when 89 is divided by p(-11)?
20
Let k(j) = -4*j + 1. Let h be k(-1). Suppose -3*s + 149 = 4*f, -230 = -h*f - 0*f + 5*s. Calculate the remainder when f is divided by 7.
6
Suppose 20 = -2*y - 5*f + 24, -7*f - 7 = y. What is the remainder when 410 is divided by y?
4
Let s be 1*2*(-51)/6. Let z be (-8*3/(-30))/((-2)/10). Let f = z - s. Calculate the remainder when f is divided by 8.
5
Let u(z) = z**3 - 17*z**2 - 20*z + 38. Let o be 35/(-4) - (-4)/(-16). What is the remainder when o/(-2)*4/3 is divided by u(18)?
0
Suppose 5*w - 78 - 57 = 0. What is the remainder when w is divided by 13?
1
Suppose 0 = -2*z - 3*m + 27, 2*m + 0 + 6 = 0. Suppose -11*p = -10*p - z. What is the remainder when 34 is divided by p?
16
Let q(h) = h + 29. Let t be q(-7). Suppose -4*i + 174 - t = 0. What is the remainder when i is divided by 21?
17
Suppose 14*k - 28*k = -602. What is the remainder when 204 is divided by k?
32
Let r(i) = 2*i. Let t(h) = -9*h - 3. Let m(b) = 5*r(b) + t(b). Let y = 2 - -6. Calculate the remainder when m(y) is divided by 4.
1
Let q(t) = t**2 + 7*t + 19. Let u(j) = j**2 - 3*j - 2. Let d be u(4). Suppose -d*k - 2 - 18 = 0. Calculate the remainder when q(k) is divided by 13.
10
Let s = 459 - 444. What is the remainder when 52 is divided by s?
7
Suppose 143*r - 153*r = -40. Suppose 0 = -2*o - 5 + 13. What is the remainder when o is divided by r?
0
Suppose 4*k + 6 = -z, -6*k + 2*k = 5*z - 2. Let y(c) = 2*c**2 - 52*c + 3. What is the remainder when y(26) is divided by z?
1
Let h be ((-15)/(-25))/((-1)/(-40)). Suppose -o - 8 = u + 1, 4*u = -2*o - 44. Let y = h + u. Calculate the remainder when y is divided by 7.
4
Let g(z) = z**2 + 5*z + 6. Let u be g(-4). Let b(f) = u*f**2 + 11*f**2 - 11*f**2. Calculate the remainder when 15 is divided by b(2).
7
Suppose 75*o = 72*o + 24. Calculate the remainder when (-6)/o + (-3)/((-48)/620) is divided by 13.
12
Let q = 1 + 3. Suppose q*x - 41 = 31. Suppose x = -a + 3*a. What is the remainder when 24 is divided by a?
6
Let q(d) = -d**2 - 27*d + 3. Calculate the remainder when 228 is divided by q(-26).
25
Let h(g) = 112*g + 1. Let r(o) = 2*o**3 + 23*o**2 - 12*o + 29. What is the remainder when h(1) is divided by r(-12)?
26
Let b(o) = o**2 + 9*o. Let g be b(-9). Let w be 46 - (g + 1 + -3). Suppose 2*i - w = 2*p, 59 = 4*i - 2*p - 39. What is the remainder when 72 is divided by i?
22
Let t(d) = 10 + d - 8 + 0 - 5. Calculate the remainder when 4 is divided by t(6).
1
Let z(y) = y**3 - 8*y**2 + 2*y - 9. Let m be 1 - 1 - (-2 + 3). Let h = 9 + m. Calculate the remainder when 13 is divided by z(h).
6
Let f(a) = a**3 + 5*a**2 - 10*a + 4. Suppose 5 = -0*k - k. Calculate the remainder when f(k) is divided by 14.
12
Let d = -332 + 554. Suppose 3*l - d = -195. Let u(g) = 3*g**2 - 4*g. What is the remainder when u(4) is divided by l?
5
What is the remainder when (-97875)/(-165) + 2/(-11) is divided by 27?
26
What is the remainder when -11*(-15)/1650 + (-4158)/(-20) is divided by 11?
10
Let a = 1 + 39. Let j = a - -9. Calculate the remainder when j is divided by 26.
23
Suppose 7*q = 4*q. Suppose -w + 4 - 5 = q. Calculate the remainder when 40 + 3 + (-3 - w) is divided by 22.
19
Let r be (-6 + 4)/2*(-2 + -1). Suppose r*a - 31 = 2*y, 0*a - 2*a = -y - 19. Let b(i) = -6*i - 6. What is the remainder when b(-4) is divided by a?
4
What is the remainder when 92 is divided by 12/15 + 273/15?
16
Let a(h) = 2*h**2 + 3*h + 3. Let b be 8/(1/((-28)/8)). Let g be (3/4)/(7/b). What is the remainder when 21 is divided by a(g)?
9
Let j(c) = -17*c + 268. Let x(y) = 78*y - 2. What is the remainder when x(2) is divided by j(15)?
11
Let g = -1287 - -1513. What is the remainder when g is divided by 40?
26
Suppose 6*z - 2656 = 2318. Calculate the remainder when z is divided by 5.
4
Suppose 4*m + 3*v - 285 = 0, -3*m = 5*v + 116 - 327. Let c = m + 110. Calculate the remainder when 23 is divided by 3/(-2)*c/(-21).
10
Let q = 29 - 8. Suppose -2*o + q = 7. Calculate the remainder when 34 is divided by o.
6
Let g = 16 - 13. Let j = 8 + g. What is the remainder when j is divided by 6?
5
Let j = -226 - -397. What is the remainder when j is divided by (-1 + 225/10)*2?
42
Let j(o) = o**2 + 2*o + 17. Let n be j(-9). Suppose -10*z = -15*z + n. What is the remainder when 175 is divided by z?
15
Let z(h) = h**3 + 12*h**2 + 27*h - 16. Let i = 7 - -9. What is the remainder when z(-8) is divided by i?
8
Suppose 172 = -508*n + 512*n. What is the remainder when 126 is divided by n?
40
Let h = -39 - -79. What is the remainder when h is divided by 21?
19
Let x(n) = n**3 - 21*n**2 - 20*n + 20. Suppose 19 = -4*j - o + 106, -j - 5*o + 17 = 0. Let f = 44 - 22. What is the remainder when x(j) is divided by f?
20
Suppose 5 = -5*d, -5*d = -3*j - d + 181. Suppose 5*p = 103 - 3. Suppose -t - 5 = -p. What is the remainder when j is divided by t?
14
Let x = -30 + 29. Calculate the remainder when 28 is divided by -4 + 3 + 6*(1 - x).
6
Suppose 29 = 4*x + 3*g, -21*x - 3*g + 24 = -18*x. What is the remainder when 113 is divided by x?
3
Let y(i) = i**2 - 53*i + 253. Calculate the remainder when 168 is divided by y(49).
54
Suppose 18*t - 1397 - 1627 = 0. What is the remainder when t is divided by 10?
8
Suppose 4*k = -7 - 5. Suppose 5*v - 24 = 2*v. Calculate the remainder when (-3)/9 - 40/k is divided by v.
5
Let b = 43 + -12. Let f = -5 - -9. Suppose -f*c + g = 4*g - 32, -g - 40 = -5*c. Calculate the remainder when b is divided by c.
7
Let q = -13 + 17. Suppose -q*w = 33 - 85. Calculate the remainder when (-252)/(-10) - 6/30 is divided by w.
12
Suppose 5*y = -s + 1263, -3*y + 138*s = 133*s - 769. Calculate the remainder when y is divided by (-446)/(-7) + 2/7.
61
Suppose -2 = -4*w + 90. Calculate the remainder when w is divided by 8.
7
Let p = -43 + 45. Suppose -p*d + 30 = z, -3*d = 5*z - z - 45. Suppose -5*l = -7*l + 18. What is the remainder when d is divided by l?
6
What is the remainder when 223 is divided by ((-580)/(-406))/(4*3/42)?
3
Suppose 2*x - 42 = -m - 0*x, 4*x + 108 = 2*m. Let l(p) = p**3 + 13*p**2 + 9*p - 26. What is the remainder when m is divided by l(-12)?
8
Let h = 9 + -7. Let l be 81/21 - h/(-14). Suppose t + 50 = 2*t + 4*s, l*t = -s + 170. Calculate the remainder when t is divided by 22.
20
Suppose 3 = -2*j - 5*b + 170, -5*j = -2*b - 403. Calculate the remainder when 395 is divided by j.
71
Let i(b) = -b**2 + 4*b - 6. Let v be i(6). Let s(y) = -y**3 - 17*y**2 + 14*y - 11. Let g = 32 + -11. What is the remainder when s(v) is divided by g?
19
Suppose -2 = t - 6. Suppose 21 = b + t*x, -5*x + 11 = -b - x. What is the remainder when (-3 + 8/(-3))*-3 is divided by b?
2
Suppose -5*y + 117 = 4*d, 2*y - d - 7 - 45 = 0. Suppose 142 = u + 2*u + x, 0 = -5*u + 3*x + 246. Calculate the remainder when u is divided by y.
23
Suppose 5*x = 5*u - 230, -x - 21 = -3*u + 111. Let h = 10 + 1. What is the remainder when u is divided by h?
10
Let b(x) = 3*x - 4. Let k be b(9). Let p = k + -1. Calculate the remainder when p is divided by 3/((-11)/(-8) - 1).
6
Suppose -x + 159 = -4*l, -44*x - 4*l = -46*x + 306. Suppose 30 = u - 0. Calculate the remainder when x is divided by u.
27
Let x(h) = -9*h**2 - 7*h + h**3 + 14*h + 4 + 0*h**3. Let d be x(7). Let y = -19 - d. What is the remainder when 102 is divided by y?
24
What is the remainder when 45 is divided by (-22 + -1)/((-8)/(5 + 3))?
22
Let x(v) = 2*v**3 + 13*v**2 + 35*v + 203. Calculate the remainder when 108 is divided by x(-6).
21
Suppose -2*p + 0*p + 36 = 3*h, 4*p = -4*h + 44. Suppose 5 = 7*o - 6*o + 2*k, -o - 5*k - 1 = 0. What is the remainder when h is divided by o?
5
Let j(l) = 15*l - 6. Calculate the remainder when j